ue of (-4 + 9 - 1) + -6 + (-6 - -1 - 2)?
-9
What is -8 - (78 - (46 - -4))?
-36
What is 20 + 28 + -37 + -8 + (-57 - -1)?
-53
Evaluate -131 - (-26 - (-28 - -25) - 10).
-98
What is the value of 17 + (47 - 61) + -97?
-94
What is the value of (-7 - 1) + -2 + 36 - 8?
18
Calculate 3 + -4 + (553 - 541) + 11 + -1.
21
45 - ((-10 - 4) + (261 - 228))
26
What is the value of 63 + -31 + -6 + -18?
8
Calculate -1043 - -1077 - (-4 + 94).
-56
Evaluate (1 - -118) + (-42 + -11 - (176 - 205)).
95
(211 - 195) + -83 - (1 - -24)
-92
What is the value of ((-10 - (-15 - (1 + -29))) + 10 - 108) + -12?
-133
What is (6 - -2) + -12 + (-22 - -31 - -4) + 108?
117
Evaluate -9 + 2 + 9 + -2 - 13 - 29.
-42
Evaluate (-6 - -42 - 47 - (1 + -14)) + -9.
-7
Calculate 18 + -3 + -3 + -1 - (26 - (75 - 86)).
-26
Calculate -8 + -2 - 7 - (10 + -17 + 6).
-16
Evaluate (0 - (-2 - 13 - 9)) + (-57 - -57).
24
What is -4 - -10 - ((2 - 8) + -11 + 37)?
-14
Evaluate (137 - 133) + 0 + (4 - (4 - 2)) + -69.
-63
Calculate (-9 - 5) + 5 + -33 + 46 - 13.
-9
-91 + (1 - -20) - -54
-16
What is (0 + 2 - (39 + -36 + -5)) + -5?
-1
What is -1 + 13 + 155 + -175?
-8
Evaluate -33 - -30 - -27 - 23 - 1.
0
Evaluate (-2 - -23) + -37 + 0.
-16
Evaluate 60 + -27 - 14 - 62.
-43
Calculate 17 - (21 - (-24 + 18 - -16)) - 73.
-67
-6 + (19 - (-19 - -11 - -29))
-8
-35 + (-70 - -123) + 55
73
44 + (-1 - 1) - ((22 + -34 - -22) + -2)
34
What is the value of -8 - (57 + (-10 - -10) + -15) - (-1 - -10)?
-59
What is the value of -24 + -2 + 20 - (0 - 9 - -8)?
-5
Calculate 42 - (-46 + 63) - (-9 + 9).
25
What is 27 + -88 + 39 + 40?
18
Evaluate -1 + 4 + -49 - (-28 + (-86 - -105)).
-37
Evaluate 27 + (0 - -4) - (123 - 108).
16
What is the value of 3233 + -3229 - (-19 - -1)?
22
Evaluate 14 + 0 + -108 + (-9 - -30 - 18).
-91
-91 + 133 - (-12 - -24)
30
Calculate -12 + 56 + -39 + 17 + -1.
21
Calculate (-19 - -133) + (-820 - -806).
100
Evaluate (5 + -3 + -2 - (65 - 64)) + -4.
-5
Evaluate (0 - -81) + 3383 + -3462.
2
Calculate -15 - -13 - (-15 - -14) - (2 - 13) - -102.
112
Evaluate (-3 - -99) + -134 + 91 + 10.
63
Calculate -113 - -121 - (-69 + (6 - 14)).
85
Calculate (94 - 40) + 2 + 1 + 6 + (-1 - -4).
66
Calculate (2 - 17) + (389 - 387) - (-4 - -38).
-47
Calculate 4 - ((-12 - -14 - 18) + (-70 - 15)).
105
What is the value of 2 + (-13 - (16 - 6 - 36) - (11 + -6))?
10
Calculate 80 + (-24 - -18) + -51.
23
What is the value of -6 + 48 + -22 + -38?
-18
(-9 - (-1 - 11 - (-53 - -51))) + -8 + 1
-6
Evaluate 2 + 1 + -3 + 9 + (17 + -73 - -65).
18
What is the value of -7 - (10 + -10 + 9) - -9?
-7
Calculate (2 - 0 - -14) + (-11 - 3 - -21).
23
-32 - 0 - ((27 - 0) + (-910 - -878))
-27
-42 - (5 + -36) - -63
52
31 + (-21 - -4 - -36)
50
Evaluate (0 - 16) + 6479 + -6526.
-63
What is the value of (-5 - (-37 - -14 - -9)) + -1 - (1 - 130)?
137
(-6 - -3 - 7 - (-7 - (4 + -4))) + 114
111
Calculate (13 - 0) + (-1151 - -1182 - (-1 + -5)).
50
Calculate (-32 + 49 - (4 + -3 - -17)) + 20.
19
What is (-7 - (-4 - (5 - 33))) + -101?
-132
-88 - (25 + -34) - (-1 + -1 - -19)
-96
-13 - -2 - (18 + (-60 - -26)) - (50 + 0)
-45
-12 + ((6 - 6) + 5 - 20)
-27
What is (30 - 92) + -25 + 62?
-25
What is the value of (-52 - 0) + 35 + 6 - (-22 + -1)?
12
Evaluate 4 + (5 - 20) - (-35 + 52).
-28
What is (-1 - -6) + (-66 - -57) - -23?
19
What is the value of (-9 - -24 - (10 + 7)) + -159 - (1 + -15)?
-147
What is the value of 27 - 68 - (152 - 258)?
65
Evaluate (39 - (42 + -13 + -1)) + (0 - -8).
19
Evaluate 35 - 4 - ((1 - -10) + 6 + -7).
21
34 + -52 - -7 - -28
17
Calculate (9 - 6) + (156 - 159).
0
What is -8 + (-16 - -12) + (0 - -8) + 4 + 42?
42
What is the value of 9 + -11 + (2 - -5) + -3 + -37?
-35
Calculate -80 + (-8 - 6 - (0 - 4) - (7 + -17)).
-80
Calculate -5 - ((-163 - -164) + (-23 - -1)).
16
What is the value of -2 - (-2 - -10) - -6 - (18 + 42 + -13)?
-51
Evaluate 107 - 7 - (7 - -7 - (45 + -40)).
91
What is -2 + (1 + 13 - (-274 + 233))?
53
-48 + 55 - (71 - 30)
-34
Calculate (12 - (-5 + -16)) + -13.
20
Evaluate 0 + 31 - (183 - -49 - 129).
-72
34 - 30 - (-42 + 15) - (-8 + 1)
38
14 + -28 + (-16 - -46) + 30
46
Calculate 0 + (-33 + 18 - -15) + 18.
18
Evaluate 15 + -15 + (18 - 10).
8
21 + -137 + 29 + -2 + 17
-72
(-2 + 6 - (14 - 10)) + (8 - 0) + -81
-73
Evaluate (2687 - 2586) + (1 - 17).
85
266 + -262 + (-4 - 1) - -22
21
What is -5 + (526 - 512) + (47 - 1)?
55
What is 3 + -13 + 52 - 48?
-6
What is the value of (1 - 12) + -237 + 247 + 28?
27
Evaluate 1 + 20 + 19 + (-13 - 4).
23
What is the value of -19 - (-41 + 32) - (-6 + 7 + -12)?
1
Evaluate (129 - 124) + 28 + 22.
55
What is the value of 39 + -33 + -4 - -82?
84
What is (14 - 1) + -1 + (-12049 - -12040)?
3
Calculate -44 + (-194 - -192) + (7 - (-4 - -1)) + 1.
-35
Calculate (3 + -46 - (355 + -387)) + 6.
-5
What is the value of (-17 - -13) + (3 + -25 - -13 - -22)?
9
What is -60 + (21 - 103 - -193)?
51
Evaluate 81 + -22 + (26 - 56).
29
What is -43 - (3 + (-49 - -10))?
-7
What is the value of -16 - (-62 + 35 + -25)?
36
What is -2 - -8 - ((-100 - -132) + 6 + -63)?
31
Calculate -4 - 24 - (-119 - -102) - (52 + -1).
-62
What is (89 - 101) + 1 + 16 + -4 + -8 + 1?
-6
-19 - -3 - (-144 + -7 - -252)
-117
(-7 - -12) + -12 + 4 + 11 + -29 + 0
-21
Calculate 87 - (6 + -3) - ((-6 - -10) + (39 - 32)).
73
(1 - 86) + 1 + (67 - 1) + -3 + -49
-70
Calculate (-4380 - -4514) + (-1 - 66).
67
Calculate (55 - 0) + (436 - 192) + -292.
7
What is the value of (-25 + 41 - 22 - -17) + 8?
19
What is -4 + (-13 - -7) - ((6 - 5) + -27 + 1)?
15
Calculate (-12 - 3) + 6 + (-47 - (-8 - 75)).
27
Calculate -476961 + 476982 - (-1 + (-1 - (-13 - 1))).
9
5 + ((-5 - 4) + -13 - -42)
25
Calculate (-59 + 16 - 24) + 11 + (-6 - -2).
-60
Calculate 7 + 3 + -11 + 2 + 1 + 2 + 2.
6
147 + -131 + -77 - -176
115
What is the value of -7 + (-19 - -11) + -2 + -6 + (0 - 7)?
-30
What is the value of -10 - (-16 - -27 - (-54 - -82))?
7
What is the value of -2 - (-47 - -60 - (11 - (5 - 6)))?
-3
What is the value of (0 + 3 - (-121 - -121)) + (3 - -26) - -4?
36
What is -8 + 22 + (-16 - (9 - 15))?
4
What is the value of 14 + -55 + (10 - 28) - -15?
-44
What is 4 - ((8 - 15) + (-4 + 5 + 90 - -9))?
-89
What is -7 + (-7 - -31 - (11 - -6)) - (-18 + -1)?
19
What is 13 - (-17 + 58 + (-32 - -12))?
-8
What is the value of 44 + 2 + (-1850 - -1768)?
-36
Evaluate 8 + (7 - 17) - (4 + -50 + -10 + -8).
62
6 + (-15 - -8 - (5 - -1)) + 23
16
What is the value of (-1 - (-6 + 8) - 8) + 40 - (5 - 13)?
37
-4 + -3 - -4 - ((-11 + 7 - 6) + 1)
6
What is the value of (-73 + 27 - 3) + 113?
64
-8 - (-2 + -2 - -25 - (31 + -4))
-2
What is the value of 51 + -25 + -33 + 21 - (0 - -1 - 10)?
23
What is -23 - ((38 + -81 - -35) + (3 - 5))?
-13
What is the value of 43 + (3 - (23 - 12) - 4 - -4)?
35
Evaluate -34 + (89 - -15 - -19).
89
What is 74 - (144 + -147 - (2 + -33))?
46
Evaluate 3709 - 3696 - (-1 - (-2 - 42)).
-30
Calculate -39199 + 39271 + (32 - (2 + -1)).
103
Evaluate 1 + 1 + -12 + -3 + 22.
9
Evaluate -6 + (2 - -21) + -49 + 28.
-4
Evaluate -38 + (21 - 16 - (-4 + 7) - 13 - -5).
-44
141 - 157 - (-14 + (-10 + (-1 - -7) - -3))
-1
What is the value of -147 + (141 - 91) + 110?
13
58 - (-20 + (6 - -34) + -24 + (0 - 0))
62
(166 - 324 - -155) + (-4 + 2 - (-36 - 2))
33
Calculate -10 + (-1 + 2 + -67 - -14) + -5.
-67
-48 + 6 - (-402 - -395)
-35
Evaluate -15 - 6 - (27 + -9 + -1).
-38
Calculate (-24 - (41 - 98)) + -53.
-20
Calculate -122 - (81 - (-73 - -248)).
-28
Evaluate -8 + (4 - (1 + 9) - -62 - 14).
34
Calculate 42 + (-14 + 0 - -7) + (0 - 3) + 1.
33
What is the value of -15 + -10 + 9 + 3 + -64 - (-1 - -1)?
-77
(-50 + 25 + 14 - -20) + 1 + -101 + 2
-89
Evaluate (14 - (3 - -8)) + 8 + -4 + -1 + -9.
-3
(61 - 55) + (1 - 14) + (-197 - -311)
107
Evaluate -5 + -6 + -2 + 3 + -9 + (11 - -31).
23
What is the value of -16 + 123 + -1 + (-11 - 3) + 2?
94
Evaluate 32 - (572 - 454 - (45 - 4)).
-45
What is the value of 215 - (109 - (-121 - -91))?
76
Evaluate -23 + (18 - (18 - 9)) - -24.
10
What is (10 + 2 - -2) + 3 + -6 - 0?
11
What is (0 - (-1 - -1)) + (-12 - -81) + -79?
-10
(13 - 18) + 139 + -52 - (-1 - -10)
73
-28 + (9 - -20) + -14
-13
What is the value of -5 + -2 + 0 + 69 + (96 - 180)?
-22
Evaluate 44 + (12 - (10 + (-7 - -5))) - 2.
46
-15 - -36 - 6 - 52
-37
Calculate 8 + -12 + (-27 - -2) - (907 + -910).
-26
Calculate 9 + -1 + -41 + -131 + 64.
-100
What is the value of 8 + (-10 -